-2390*s - 2411. Calculate o(-1).
-21
Let k(w) = -56*w - 40. Give k(0).
-40
Let g(f) = -8*f**3 + 86*f**2 + 22*f + 14. Give g(11).
14
Let h(d) = -d**3 + 11*d**2 + 38*d - 8. Calculate h(14).
-64
Let c(z) = -179*z + 3746. Give c(18).
524
Let g(o) = -o**3 + 127*o**2 + 528*o - 520. Calculate g(131).
4
Let d(w) = -w**2 - 48*w - 221. What is d(-43)?
-6
Let h(t) = 3*t - 384. Calculate h(-11).
-417
Let w(r) = -35*r**2 + 5*r + 4. Give w(2).
-126
Let w(l) = -141*l + 846. What is w(7)?
-141
Let x(t) = -613*t - 28202. Calculate x(-46).
-4
Let p(m) = -m**2 + 12*m - 27. Give p(7).
8
Let y(p) = 4*p - 177. Give y(17).
-109
Let k(i) = 6*i**2 + 259*i - 213. Determine k(-43).
-256
Let q(f) = -10*f**3 + 161*f**2 + 11*f - 426. Determine q(16).
6
Let p(n) = -7*n**2 + 48*n - 4. Determine p(0).
-4
Let x(u) = -6*u - 56. Determine x(-5).
-26
Let g(h) = 1115*h - 4471. Calculate g(4).
-11
Let f(q) = -5*q**2 + 147*q + 7. Calculate f(29).
65
Let n(h) = 73*h + 433. Calculate n(-6).
-5
Let c(z) = 8*z**3 + 3*z - 13. Give c(2).
57
Let b(z) = -5698*z - 165239. Determine b(-29).
3
Let q(f) = 2*f**3 + 23*f**2 + 49*f + 23. Give q(-9).
-13
Let r(a) = -76*a - 427. Determine r(-8).
181
Let k(g) = -g**2 - 39*g - 322. What is k(-10)?
-32
Let v(q) = -3*q**2 - 26*q - 71. Calculate v(-6).
-23
Let q(s) = -277*s**2 + 1117*s - 37. Determine q(4).
-1
Let t(x) = x**3 + 2*x**2 - 3*x + 6. What is t(-3)?
6
Let d(r) = -50*r + 110. Calculate d(-2).
210
Let b(j) = j**2 - 29*j + 10. What is b(11)?
-188
Let x(b) = b**3 + 14*b**2 - 82*b + 72. What is x(3)?
-21
Let z(n) = 2*n**3 - 129*n - 7. Determine z(0).
-7
Let h(y) = y**3 + 5*y**2 - 67*y - 16. What is h(-11)?
-5
Let d(f) = -f**2 - 91*f + 8224. Calculate d(-147).
-8
Let m(j) = j**3 + 11*j**2 + 11*j + 2. Give m(-9).
65
Let p(u) = -57*u - 575. Determine p(-10).
-5
Let d(y) = -8*y - 541. Give d(-50).
-141
Let h(x) = x**3 - 33*x**2 - 201*x + 359. Determine h(38).
-59
Let z(o) = -875*o + 6117. Give z(7).
-8
Let a(x) = -2*x**2 + 82*x - 62. Determine a(41).
-62
Let f(v) = -6*v**3 - 26*v**2 + 119*v + 505. What is f(-4)?
-3
Let i(m) = -33*m + 560. Calculate i(17).
-1
Let r(n) = -114*n - 512. Give r(-4).
-56
Let j(r) = -16*r**2 - 46*r + 39. Determine j(-3).
33
Let f(h) = 27*h - 142. Give f(0).
-142
Let o(l) = 125*l + 6386. Determine o(-50).
136
Let u(g) = 67*g + 458. Calculate u(-7).
-11
Let h(q) = q**3 + 271*q**2 - 7*q - 1875. Calculate h(-271).
22
Let o(d) = -60*d - 3639. What is o(-61)?
21
Let q(i) = 71*i + 586. What is q(-5)?
231
Let v(h) = -h**3 + 4*h**2 - 9*h - 6. Calculate v(5).
-76
Let c(s) = -798*s + 12968. What is c(16)?
200
Let l(s) = -259*s - 2060. Determine l(-8).
12
Let c(m) = m**2 + 89*m + 1051. Calculate c(-75).
1
Let d(x) = -x**2 + 160*x + 7303. Give d(-37).
14
Let f(d) = -d**3 + 29*d**2 + 168*d + 113. Determine f(34).
45
Let j(r) = -22*r + 19. What is j(-3)?
85
Let h(f) = 71*f + 5876. Determine h(-83).
-17
Let m(f) = 3*f**2 + 61*f - 11. Give m(-23).
173
Let d(r) = -r**3 + 17*r**2 + 4619*r + 61. Calculate d(77).
-16
Let y(d) = -73*d + 6281. Determine y(86).
3
Let p(z) = -z**3 - z**2 + 15*z - 8. Give p(5).
-83
Let z(x) = -494*x - 10400. Give z(-21).
-26
Let a(c) = c**2 + 393*c + 16854. Determine a(-49).
-2
Let t(q) = q**3 - 31*q + 14. Give t(7).
140
Let h(i) = -26*i + 1983. Determine h(77).
-19
Let n(r) = 3*r**2 + 10*r - 45. Give n(4).
43
Let q(z) = z**3 + 69*z**2 - 217*z + 158. What is q(-72)?
230
Let i(g) = 3*g**3 + 21*g**2 - 137*g - 49. Determine i(-11).
6
Let s(c) = 30*c - 61. Calculate s(-1).
-91
Let k(g) = -3*g**3 - 3*g**2 + 53*g + 298. Give k(-5).
333
Let f(d) = 52*d - 418. Give f(9).
50
Let o(f) = 69*f - 34. Calculate o(1).
35
Let s(f) = f**3 - 15*f**2 + 60*f - 58. Calculate s(9).
-4
Let u(o) = -o**3 - 9*o**2 - 6*o + 8. Determine u(-7).
-48
Let j(d) = 638*d - 10894. Calculate j(17).
-48
Let b(w) = 8*w**2 - 59*w + 101. Give b(4).
-7
Let c(v) = -2*v**3 + 102*v**2 - 87*v - 612. Calculate c(50).
38
Let l(p) = -149*p + 1742. Determine l(12).
-46
Let v(j) = j**3 + 21*j**2 - 33*j - 1570. Determine v(-18).
-4
Let m(p) = -p**3 + 74*p**2 + 52*p + 1731. Give m(75).
6
Let b(o) = -o**3 + 117*o**2 + 103*o + 1762. Calculate b(118).
-8
Let w(u) = 3*u**2 - 34*u + 105. What is w(11)?
94
Let j(l) = -398*l + 7053. Determine j(18).
-111
Let c(z) = 5883*z - 64718. What is c(11)?
-5
Let p(v) = 26*v - 162. Determine p(-9).
-396
Let j(f) = -74*f - 172. What is j(-8)?
420
Let f(v) = v**2 + 508*v - 1539. What is f(3)?
-6
Let z(m) = 58*m + 6894. Determine z(-119).
-8
Let c(q) = q**2 + 154*q + 963. What is c(-6)?
75
Let p(c) = -75*c + 2096. Calculate p(28).
-4
Let g(p) = 35*p + 450. Calculate g(-13).
-5
Let j(a) = 12*a**2 - 859*a - 3433. What is j(-4)?
195
Let o(y) = -6*y**2 + 540*y + 1130. Calculate o(92).
26
Let i(m) = 27*m + 2346. Give i(-87).
-3
Let b(q) = 2*q**3 - 35*q**2 - 68*q + 118. Give b(19).
-91
Let a(o) = 57*o**2 + 112*o - 2. What is a(-2)?
2
Let c(z) = -950*z - 976. What is c(-1)?
-26
Let y(r) = r**3 - 19*r**2 + 63*r + 35. Determine y(15).
80
Let f(j) = -8*j**2 - 19*j + 219. What is f(-7)?
-40
Let x(u) = -u**2 - 45*u - 168. Give x(-45).
-168
Let z(p) = -16*p**2 - 6*p + 77. What is z(2)?
1
Let v(w) = -12*w + 31. Give v(14).
-137
Let t(b) = -b**2 - 198*b + 15171. What is t(59)?
8
Let h(c) = -c**3 - c**2 - 978*c + 14. Give h(0).
14
Let o(f) = 54*f - 430. Calculate o(8).
2
Let q(i) = i**2 + 3*i - 697. What is q(-28)?
3
Let x(c) = -109*c**2 - 320*c + 469. Calculate x(-4).
5
Let z(d) = -8*d + 282. What is z(57)?
-174
Let y(o) = o**3 - 17*o**2 + 2*o + 218. Determine y(16).
-6
Let p(w) = w**2 + 99*w + 393. Calculate p(-4).
13
Let j(k) = k**3 - 19*k**2 + 70*k + 29. Calculate j(9).
-151
Let c(u) = -u**3 + 176*u**2 + 378*u - 3912. Calculate c(178).
4
Let p(j) = -95*j - 595. Calculate p(-6).
-25
Let n(a) = 151*a + 3333. Determine n(-22).
11
Let m(d) = -96*d**2 - 1319*d - 33. What is m(-14)?
-383
Let f(s) = -36*s**2 - 168*s - 190. Determine f(-2).
2
Let n(b) = -b**2 - 20*b - 151. Give n(-6).
-67
Let t(a) = -a**3 + 4*a**2 + 33*a - 128. Determine t(5).
12
Let o(d) = -2862*d - 57264. Give o(-20).
-24
Let w(l) = l**3 + 2*l**2 + 76. Give w(0).
76
Let s(k) = -2*k**3 - k**2 + 17*k + 16. What is s(-5)?
156
Let r(z) = z**2 - 2977*z + 14852. Determine r(5).
-8
Let p(a) = -52*a - 66. Calculate p(-2).
38
Let u(c) = -c**3 + 45*c**2 + 46*c + 100. What is u(46)?
100
Let x(s) = -s**2 - 26*s + 96. Calculate x(-30).
-24
Let j(v) = 3*v**2 + 434*v + 14662. Determine j(-91).
11
Let f(o) = 3*o**3 + 13*o**2 + 31. Calculate f(-4).
47
Let g(r) = 27*r**3 - 189*r**2 + 13*r - 90. Determine g(7).
1
Let o(t) = -t**2 + 70*t - 455. Determine o(63).
-14
Let i(j) = -j**3 - 17*j**2 + 15*j - 114. Determine i(-18).
-60
Let y(r) = -22*r + 614. What is y(26)?
42
Let g(t) = t**3 + 73*t**2 - 74*t - 6. Give g(-74).
-6
Let n(t) = 2*t**2 - 10*t - 30. What is n(-7)?
138
Let z(y) = -y**3 + 7*y**2 - 16*y + 28. Calculate z(5).
-2
Let m(g) = -21*g**3 - 8*g**2 + 7*g + 1. What is m(1)?
-21
Let w(y) = y**2 + 14*y + 15. Calculate w(-6).
-33
Let m(w) = -2*w**3 - 6*w**2 - 5*w + 9. Give m(2).
-41
Let d(q) = 1046*q + 1040. Calculate d(-1).
-6
Let m(s) = 35*s**2 - 27*s - 8. Give m(2).
78
Let n(d) = 11*d**2 - 234*d - 19. What is n(22)?
157
Let b(q) = -5*q**3 - 11*q**2 - 5*q - 1. Give b(-2).
5
Let c(b) = -b**3 - 19*b**2 + 4*b - 55. Determine c(-18).
-451
Let w(b) = b**2 - 6*b - 184. Determine w(28).
432
Let x(h) = -h**3 - 46*h**2 - 181*h - 4138. Determine x(-44).
-46
Let j(g) = -40*g - 20. Determine j(-6).
220
Let j(w) = -w**2 - 33*w - 265. Determine j(-13).
-5
Let v(c) = -3*c**3 + 37*c + 70. Give v(-2).
20
Let z(x) = -2*x**3 + 10*x**2 - 52*x + 210. What is z(6)?
-174
Let a(w) = 3*w**3 - 20*w**2 + 15*w - 6. What is a(6)?
12
Let c(t) = 14*t - 11. Determine c(15).
199
Let x(y) = -129*y + 145. Calculate x(1).
16
Let f(y) = y**2 - 26*y + 86. What is f(3)?
17
Let f(v) = v**2 + 312*v + 22797. Calculate f(-195).
-18
Let k(d) = d**3 + 20*d**2 + 28*d - 611. Determine k(-9).
28
Let r(x) = 53*x + 16314. Give r(-308).
-10
Let q(n) = -n**3 - 21*n**2 - 45*n - 26. Calculate q(-18).
-188
Let l(f) = -668*f - 4019. What is l(-6)?
-11
Let s(n) = -51*n + 1459. Determine s(24).
235
Let a(c) = c**3 - 27*c**2 - 3*c + 83. What is a(27)?
2
Let w(z) = 2*z**3 + 14*z**2 + 90*z + 3. Give w(-5).
-347
Let c(m) = -5*m**3 + 121*m**2 - 502*m + 139. Give 